te q(-29).
2
Let j(w) = -w**3 - 136*w**2 + 320*w - 13895. Determine j(-139).
-412
Let o(f) = -1155*f - 63292. Determine o(-56).
1388
Let k(f) = 351*f**2 + 29829*f - 497. Calculate k(-85).
13
Let b(x) = -1761*x + 79304. What is b(45)?
59
Let i(d) = -d**2 - 356*d - 20216. Give i(-287).
-413
Let q(t) = -21808*t - 3249391. Give q(-149).
1
Let t(i) = -i**3 - 157*i**2 + 795*i + 148351. Calculate t(-156).
-5
Let x(t) = -415*t + 2501. Determine x(5).
426
Let g(t) = 2*t**2 - 1737*t + 288315. Calculate g(645).
0
Let z(m) = 19457*m + 291907. Give z(-15).
52
Let t(f) = f**2 + 3088*f - 233678. Calculate t(74).
310
Let h(r) = r**2 + 44748*r + 178969. What is h(-4)?
-7
Let r(u) = u**3 - 533*u**2 - 232*u + 123641. Determine r(533).
-15
Let b(i) = -2*i**2 + 15*i + 75. Give b(14).
-107
Let z(c) = c**2 - 3330*c + 89087. Calculate z(27).
-94
Let t(r) = -48*r - 1485. Give t(-28).
-141
Let v(k) = -15*k**2 + 316*k + 1465. What is v(25)?
-10
Let v(l) = l**3 - 339*l**2 + 16747*l - 1935. Calculate v(279).
18
Let y(w) = -842*w - 5759. Calculate y(-6).
-707
Let j(w) = -3*w**3 - 29*w**2 - 256*w - 1058. What is j(-8)?
670
Let d(k) = 2713*k + 73225. Give d(-27).
-26
Let k(l) = -782*l + 2882. Calculate k(5).
-1028
Let m(s) = 8*s**3 - s**2 - 4591*s - 4591. What is m(-1)?
-9
Let u(y) = -3*y**2 - 6212*y + 409857. Give u(64).
1
Let u(q) = 3*q**2 - 3561*q - 35918. Determine u(-10).
-8
Let a(v) = v**3 - 28*v**2 + 131*v + 37. Determine a(23).
405
Let q(t) = -t**2 - 11753*t - 2954471. Determine q(-257).
1
Let r(y) = 7211*y + 43836. Calculate r(-6).
570
Let d(m) = 2*m**2 - 1721*m + 363208. Determine d(371).
-1
Let m(y) = -1752*y - 4518. Determine m(-3).
738
Let k(u) = -2972*u - 29735. What is k(-10)?
-15
Let g(t) = t**3 + 6916*t**2 - 489023*t + 152. Calculate g(70).
-58
Let r(i) = -5194*i - 30535. What is r(-6)?
629
Let c(r) = r**3 - 34*r**2 + 272*r + 28. What is c(21)?
7
Let o(d) = 7*d**3 - 412*d**2 - 72*d - 114. Determine o(59).
-881
Let l(o) = -3*o**3 - 250*o**2 - 300*o + 2308. Give l(-82).
12
Let d(g) = 27*g**2 + 32*g + 117. Determine d(-3).
264
Let r(u) = -21555*u + 21548. Calculate r(1).
-7
Let x(s) = 14*s**2 + 3229*s + 5393. What is x(-229)?
126
Let u(s) = 1541*s + 6860. Give u(-4).
696
Let k(r) = 215*r**2 + 57837*r + 518. Give k(-269).
-20
Let o(u) = 1870*u - 150135. Give o(81).
1335
Let l(w) = 4*w**2 - 2389*w - 38752. Calculate l(-16).
496
Let c(d) = 17*d**2 + 2958*d + 125809. Give c(-74).
9
Let i(l) = l**2 + 63*l + 345. Calculate i(-65).
475
Let k(a) = 2*a**2 + 2781*a + 16709. Determine k(-6).
95
Let u(y) = 150*y**2 + 3303*y + 5. What is u(-22)?
-61
Let s(w) = -9*w**3 - 164*w**2 - 739*w + 20. Give s(-10).
10
Let k(s) = -s**3 - 4*s**2 + 108861*s + 761880. Calculate k(-7).
0
Let i(v) = -3*v**2 - 870*v - 2601. Calculate i(-3).
-18
Let d(t) = 6*t**3 - 393*t**2 + 1984*t - 216. Determine d(60).
24
Let g(a) = -a**3 + 34*a**2 + 9*a + 453. Give g(35).
-457
Let i(l) = -5801*l + 29181. Calculate i(5).
176
Let a(w) = -50047*w + 400337. Calculate a(8).
-39
Let i(v) = 10*v**3 + 3320*v**2 + 9869*v - 320. Calculate i(-329).
9
Let o(u) = 2*u**3 - 123*u**2 - 1642*u + 1. Give o(-12).
-1463
Let s(k) = -2*k**3 - 133*k**2 + 2702*k + 182692. Calculate s(-66).
4
Let q(t) = 12*t**2 + 305*t - 4252. What is q(10)?
-2
Let s(u) = 48*u**2 + 370*u + 3. What is s(-3)?
-675
Let f(x) = -x**3 - 83*x**2 - 173*x - 9. Give f(-81).
882
Let c(s) = -39*s**2 + 171*s + 2. Determine c(2).
188
Let a(f) = -2*f**2 + 782*f + 7760. Calculate a(401).
-260
Let n(p) = -673*p - 5528. Give n(-15).
4567
Let k(c) = c**3 + 20*c**2 + 4*c - 344. Give k(0).
-344
Let k(n) = -5*n**2 + 145*n - 2154. What is k(15)?
-1104
Let b(v) = 5658*v + 215004. Calculate b(-38).
0
Let a(d) = -2*d**2 - 3407*d + 89926. Determine a(26).
-8
Let t(w) = 1042*w + 150541. Determine t(-144).
493
Let j(i) = 268109*i - 804326. Determine j(3).
1
Let o(u) = 3*u**2 - 117*u - 2249. What is o(59)?
1291
Let y(u) = u**3 + 100*u**2 + 2322*u - 293. What is y(-37)?
40
Let v(u) = -2776*u - 5560. Calculate v(-2).
-8
Let i(t) = 6*t**2 - 2389*t - 11972. Calculate i(-5).
123
Let p(g) = 5*g - 781. Give p(218).
309
Let r(f) = 9*f**2 - 222*f + 35. What is r(20)?
-805
Let f(q) = -3*q**2 - 47*q + 7625. Give f(-59).
-45
Let m(c) = -71*c**2 + 43*c + 39. Give m(-1).
-75
Let o(r) = -121*r + 26446. What is o(218)?
68
Let v(d) = -d**3 - 19*d**2 - 30*d + 546. Determine v(-15).
96
Let j(f) = 5664*f - 28320. What is j(5)?
0
Let p(r) = -r**3 - 462*r**2 + 10136*r - 3364. What is p(-483)?
17
Let b(f) = -24082*f - 288991. Give b(-12).
-7
Let w(o) = 1892*o**2 + 11401*o + 299. Give w(-6).
5
Let y(s) = 2220*s - 39954. Give y(18).
6
Let o(v) = 60*v**2 - 55*v + 417. What is o(6)?
2247
Let c(w) = w**3 + 56*w**2 + 154*w + 11817. Calculate c(-57).
-210
Let w(c) = 30456*c + 151808. Calculate w(-5).
-472
Let m(f) = 6049*f - 30247. Give m(5).
-2
Let r(n) = n**2 + 75*n + 1476. Determine r(-54).
342
Let p(k) = -33*k**3 + 2209*k**2 + 146*k - 801. Calculate p(67).
3
Let s(g) = 1857*g + 304556. Give s(-164).
8
Let w(o) = -o**2 - 26111*o + 261209. What is w(10)?
-1
Let u(q) = -64*q**2 + 659*q - 1318. Determine u(2).
-256
Let b(u) = u**2 + 75*u - 10066. Determine b(68).
-342
Let p(s) = -72*s**2 + 1724*s - 253. Determine p(24).
-349
Let z(o) = -16*o**2 - 964*o - 6148. Determine z(-53).
0
Let g(f) = 3385*f - 20431. What is g(6)?
-121
Let z(l) = l**3 - 499*l**2 + 4630*l + 127140. Determine z(489).
0
Let j(s) = -58*s**2 + 515*s + 62. Calculate j(9).
-1
Let l(o) = -11*o**3 + 381*o**2 - 1248*o - 128. Calculate l(31).
-376
Let s(q) = 2*q**2 - 6530*q + 32616. Give s(5).
16
Let s(d) = d**3 + 34*d**2 - 697*d - 130. What is s(-48)?
1070
Let b(a) = -31*a**2 + 17646*a - 4063. Determine b(569).
-80
Let m(a) = -4*a**3 - 21*a**2 - 1443*a - 8754. Calculate m(-6).
12
Let f(r) = -r**3 + 129*r**2 + 23563*r - 237. Give f(231).
-6
Let f(w) = -3*w**3 - 254*w**2 - 3972*w - 254. Determine f(-64).
2
Let y(d) = -33729*d + 168652. Determine y(5).
7
Let g(h) = 4*h**2 + 2117*h + 276366. Calculate g(-234).
12
Let a(i) = -43*i + 2221. What is a(49)?
114
Let d(j) = -50045*j + 100094. Calculate d(2).
4
Let w(c) = 40*c**2 + 211*c + 1491. Calculate w(-8).
2363
Let n(m) = -87973*m + 351923. Determine n(4).
31
Let d(n) = 7*n**2 + 135276*n - 270571. Calculate d(2).
9
Let h(f) = -17*f**3 + 5*f**2 - 5460*f + 16374. Calculate h(3).
-420
Let y(s) = 24*s**2 + 431*s + 1830. Give y(-7).
-11
Let l(g) = 793*g - 164070. Determine l(207).
81
Let s(o) = -11125*o + 33014. What is s(3)?
-361
Let i(t) = 334*t - 23289. Calculate i(70).
91
Let n(u) = 5*u**2 - 774*u - 5036. Determine n(161).
-45
Let v(q) = -55*q**2 - 53*q + 393. Calculate v(5).
-1247
Let l(r) = -r**2 - 450884*r + 1352657. Determine l(3).
-4
Let t(y) = 2210*y**2 - 48608*y + 22. What is t(22)?
286
Let g(f) = 834*f - 136709. Give g(164).
67
Let p(l) = l**3 - 49*l**2 - 348*l + 5. What is p(-7)?
-303
Let l(f) = 5*f**2 + 348*f + 2068. What is l(-6)?
160
Let n(h) = h**3 + 198*h**2 + 5967*h + 349. Determine n(-37).
-21
Let b(w) = 2*w**3 - 386*w**2 + 13508*w + 731. Give b(46).
-5
Let s(q) = -9*q**3 - 1233*q**2 - 1223*q + 145. Calculate s(-136).
9
Let g(t) = 2*t**2 - 3883*t + 38637. Give g(10).
7
Let c(g) = -3*g**2 + 20*g + 398. Give c(19).
-305
Let u(t) = -2*t**2 - 894*t - 64150. What is u(-357)?
110
Let d(l) = l**3 + 55*l**2 + 261*l - 1907. What is d(-49)?
-290
Let u(j) = 31*j**2 - 37638*j + 4831. Determine u(1214).
-25
Let y(u) = -u**3 + 52*u**2 + 123*u - 8909. Give y(51).
-35
Let s(h) = 3049*h - 128067. What is s(42)?
-9
Let u(r) = -4159*r + 631884. Calculate u(152).
-284
Let i(b) = b**3 - 4*b**2 - 39*b - 91. Give i(-4).
-63
Let n(x) = -46556*x - 46827. Determine n(-1).
-271
Let g(t) = 5*t**3 - 1259*t**2 + 1004*t - 16. Give g(251).
-16
Let i(k) = -k**3 + 26*k**2 - 1216*k + 26534. Calculate i(23).
153
Let p(y) = -5614*y + 61390. What is p(11)?
-364
Let s(p) = 3*p**2 - 217*p - 4864. Calculate s(68).
-5748
Let b(d) = 59*d**2 - 2542*d + 10168. What is b(4)?
944
Let g(p) = 5*p**2 - 1934*p - 126489. Give g(-57).
-6
Let c(h) = 3694*h - 30759. Calculate c(9).
2487
Let x(d) = -4042*d + 68633. Calculate x(17).
-81
Let i(w) = -75*w**2 - 252*w + 1533. Calculate i(6).
-2679
Let m(i) = -530*i + 24320. Calculate m(47).
-590
Let b(a) = -8844*a - 56. What is b(0)?
-56
Let t(x) = -14*x**2 - 1482*x - 8228. Calculate t(